ne d(-4).
-5
Let g(u) be the second derivative of u**4/12 - 7*u**3/6 + 2*u**2 + 340*u. Suppose 3*s = 3*y + 1 - 4, 0 = y - 3*s + 7. Give g(y).
-6
Let k(w) = 9*w + 1 + 4 + 0 - 3. Suppose 5*f + 3*x + 19 + 5 = 0, -3*f - 15 = 2*x. Calculate k(f).
-25
Let g(h) = 6*h - 2. Let p(w) = -w - 1. Let y(i) = g(i) + 2*p(i). Let o be -8*93/620*(-1 + (-7)/3). Determine y(o).
12
Let b(v) = 105*v**2 + v - 8. Let j(d) = -103*d**2 + d + 12. Let p(o) = -3*b(o) - 2*j(o). Give p(-1).
-104
Let y(n) = -24*n + 7*n + 929 + 15*n - 927 + 57*n**2 - 13*n**2. Determine y(-2).
182
Let d(y) be the second derivative of y**4/4 - 3*y**3 + 17*y**2 - 5055*y. What is d(5)?
19
Let w(h) = 5*h**2 - 4*h + 34. Let l(n) = -9*n**2 + 10*n - 73. Let q(z) = -4*l(z) - 7*w(z). Give q(6).
18
Let o(r) = 6 + 3 - 2*r + r**2 + 8*r - 8*r - 2. What is o(-3)?
22
Let i(n) be the second derivative of -2*n**3/3 + 2*n. Suppose -3*f - 9 = -7*y + y, -y - 3*f = -12. Calculate i(y).
-12
Let d(m) = -5*m - 9. Let f be 1*(252/9)/(-14). What is d(f)?
1
Let s(o) = -o**3 + 67*o**2 + 207*o + 215. Let l be s(70). Let r(z) = z**3 - 4*z**2 + 2*z + 1. Give r(l).
36
Let i(s) = -3*s. Let t(k) be the second derivative of k**5/20 + k**4/2 - 4*k**3/3 - 22*k**2 + 15*k + 2. Let r be t(-6). Determine i(r).
-12
Let a(j) = -j**3 + 7*j**2 - 6. Let i = -720 + 1122. Let s be i/78 + 2/(-13). Suppose -2*v - 4*r + 1 = -25, -s*v + 26 = -3*r. Determine a(v).
-6
Let t(f) be the first derivative of 1 + 1/3*f**3 - f**2 + 7*f. Suppose -2*s = -2*v - 10, 2*s - s + v = 5. Calculate t(s).
22
Let m(n) be the second derivative of 19*n**3/6 + 64*n**2 - n - 47. What is m(-7)?
-5
Let f(g) = -g. Let c(n) = -n**2 - 5*n - 1. Let v(p) = c(p) - 3*f(p). Let z be (2/3)/((-2)/(-36)). Suppose -31 = z*a - 19. What is v(a)?
0
Let u(q) = -2*q**2 + 230*q - 115*q - 2*q**3 - 116*q. Let g(t) = 5*t + 18. Let p be g(-4). Give u(p).
10
Let w(x) be the second derivative of x**4/12 - 5*x**3/3 + 5*x**2/2 - 883*x + 2. Let r be (10/7)/((-20)/(-140)). Calculate w(r).
5
Let k be -63 + 60 - (-5)/1. Let q(r) = -68*r - 68*r + 140*r - k*r**2. Suppose 0 = -m + 3. Determine q(m).
-6
Let f(n) = -7 + 7*n**2 - 16*n - 6*n**2 + 10*n. Let v = -9 - -21. Let j be v*(15/6)/5. Give f(j).
-7
Let f(g) = g**3 + 24*g**2 + 22*g - 20. Let y(s) = 10*s - 113. Let v be y(9). Let w be f(v). Let d(x) = -x**2 + x + 4. What is d(w)?
-2
Let u(j) = -j**2 + 1. Let x(t) = -3*t - 940*t**2 + 8*t + 946*t**2 - 12. Let z(g) = -5*u(g) - x(g). Suppose o = 3*d + 1, -3*d - 13 = 5*o + 18. Give z(o).
7
Let m be (-222)/296 + 54/8. Let j(t) = -t**3 + 8*t**2 - 9*t + 10. Calculate j(m).
28
Let o(r) = -70*r**3 - 5*r + 10*r - 1 - 16 + 65*r**3 + 3*r**2. Let i(c) = -2*c**3 + 2*c**2 + 2*c - 8. Let h(a) = -7*i(a) + 3*o(a). What is h(-5)?
0
Suppose -82*t + 32 = -86*t. Let j(c) = -c**3 - 8*c**2 + 4*c + 3. Give j(t).
-29
Let p(w) = 5*w**3 - 2*w**2 + 3*w - 10. Let b(o) = -2*o**3 - o**2 - 4*o. Let u(z) = 3*b(z) + p(z). Calculate u(-4).
10
Let p(m) be the second derivative of -m**5/24 - 7*m**4/12 - 44*m**3/3 + 77*m. Let x(v) be the second derivative of p(v). Give x(-6).
16
Let q(b) = -b**3 - 5*b**2 - 6*b. Let s = 4091 - 4096. Give q(s).
30
Suppose 0 = 7*n - 11*n + 5*r - 26, -3*n - 21 = -4*r. Let v(f) = 85*f**3 + f**2 - 3*f + 3. Determine v(n).
86
Let z(u) = 2445*u + 28. Let g be z(4). Let m(r) = -g*r + 1 + 11 + 7 + 9807*r. What is m(14)?
5
Let l(h) = 35*h + 16. Let y(u) = -29*u - 13. Let v(t) = 4*l(t) + 5*y(t). Let r(o) = -7*o - 6. Let j be r(-4). Let c be j/(-4) - 3/(-2). Calculate v(c).
19
Let p = 4814 - 4820. Let n(z) = -2*z**2 - 6*z + 13. Determine n(p).
-23
Let c(z) be the second derivative of -7/6*z**3 + 1/12*z**4 - 9 + 1/2*z**2 + 2*z. Give c(3).
-11
Suppose -6*t + 13*t = -1890. Let o = t - -274. Let h(n) = -n + 9. Give h(o).
5
Let y = 17422 - 17411. Let b(n) = -n + 24. Give b(y).
13
Let b(u) be the third derivative of -5*u**4/24 - 3*u**3 - 3*u**2 + u - 694. What is b(-4)?
2
Let m(w) = -w - 7. Let j(g) = 9*g + 90. Let y(k) = j(k) + 2*m(k). Give y(-14).
-22
Let t(d) be the third derivative of -d**6/120 - d**5/12 + 3*d**4/2 - 2*d**3/3 - 127*d**2 - 3. What is t(-9)?
-4
Let z = 258 - 259. Let a be 2/14 + z/(-7)*-29. Let b(y) = y**2 + 5*y + 6. Determine b(a).
2
Let g(p) = p**2 + 6. Let z be g(3). Let m(x) = z*x - 35*x - 10 + 22*x. Determine m(8).
6
Let k(q) = 3*q**2 - 7*q + 1. Let p(g) = 16*g**2 - 35*g + 6. Let f(z) = -11*k(z) + 2*p(z). Suppose 0 = -0*u - 3*u + 3. Suppose 2*m - u = 11. Give f(m).
7
Let p(w) = -w**3 - 2*w**2 - w + 2. Let a be p(-2). Let x(n) = -3*n + 2. Let l(z) = 8*z - 5. Suppose -4*h + 8 = 16. Let m(y) = h*l(y) - 7*x(y). Determine m(a).
16
Let n be -11*((-2)/(-2) - 0). Let o = 814 + -797. Let i = o + n. Let a(d) = d**2 - 9*d + 9. Give a(i).
-9
Suppose -4 = -3*y + 2. Let d = 4440 - 4423. Let z(v) = 26*v**y - d - 27*v**2 + 1. Determine z(0).
-16
Suppose 2*s = -5*m + 145, -m + 70 = 3*s - 115. Suppose 20*k - 10*k = s. Let o(n) = n**2 - 8. What is o(k)?
28
Let u(v) be the third derivative of 0 - 1/60*v**5 + 3*v - 7/6*v**3 + 29*v**2 + 3/8*v**4. Determine u(9).
-7
Suppose -5*n = -3*a + 39, -67*n - 3*a - 42 = -63*n. Let v(w) = -w**2 + 49. What is v(n)?
-32
Let z be 2/10 - 26/5. Suppose 5*b + a = 4*b + 65, -2*b + 136 = 4*a. Let c(k) = 8 - 5 - 1 + b*k - 65*k. Calculate c(z).
17
Suppose -11*g + 640 + 614 = 0. Let a(c) = -2 + 6*c**2 - 2 + g*c + c**3 - 108*c. Let k be a(-4). Let n(u) = u**3 - 5*u**2 + 2*u. What is n(k)?
-8
Let j(v) be the second derivative of -80*v + 0 + 7/2*v**2 + 1/20*v**5 - 4/3*v**3 - 1/2*v**4. Determine j(7).
0
Let n be (-42 - -228)/(-31) + (50/2 - 0). Let x(k) = k + 4. Calculate x(n).
23
Suppose 27*i = -385*i + 88*i + 972. Let w(t) be the first derivative of -t**2 + 31 - 1/3*t**3 + i*t. Determine w(-3).
0
Suppose 13*n - 18*n + 10 = 0. Let k(q) = -q - 37*q**n - 14 + q + 36*q**2. Let j(z) = -z + 6. Let y be j(6). What is k(y)?
-14
Let o(n) be the second derivative of -1/12*n**4 - 1/2*n**3 + 218*n + 0 - n**2. What is o(-1)?
0
Let t(c) = c - 4. Let v(q) = -5*q - 2. Let i be (178/445)/((-4)/10). Let w(o) = i*v(o) - 4*t(o). What is w(-19)?
-1
Let k(p) = -18*p. Suppose n - 3*h - 14 = -6, -n = -5*h - 14. Let d be (-1 - 0/n)/1. What is k(d)?
18
Let z(p) = 16*p + 243. Let h be z(-15). Let t be (3/6)/((-1)/(-6)) - h. Let y(b) = -b**3 + b**2 - b + 5. What is y(t)?
5
Let n(g) = g - 1. Let i(c) = 6*c - 7. Let v be i(2). Let h be v/1 - (-20)/(-4). Let l be (h - -3) + (-2 - 0). What is n(l)?
0
Let q(f) = -258*f - 55. Let o be q(-3). Let d(x) = -o + x + 719 - 4*x**2. Suppose 2*b - 4 = -0. Give d(b).
-14
Let v = -28 + 30. Let r(g) = -50 - g**v + 7*g**2 - g**3 + 52 - g. Let c(l) = l + 16. Let f be c(-10). Give r(f).
-4
Let p(s) = 46*s - 14. Let y(g) = 63*g - 16. Let c(z) = 4*p(z) - 3*y(z). Calculate c(2).
-18
Let k(z) = -z**3 - 8*z**2 - 2*z - 14. Let p be k(-8). Let j(r) = -2*r**2 - 1 - 1 + 5*r**p + r**2 - 3*r - r**3. Suppose 0 = -0*o - o + 3. Calculate j(o).
-2
Let m(b) = b**3 - 2*b**2 - 2*b - 1. Suppose 429*g - 418*g = 44. Suppose -2*c + 2 = g*y, -3*y + c = -21 + 7. Give m(y).
2
Let t(a) be the third derivative of -1/24*a**4 - 3*a**2 + 2/3*a**3 + 3*a + 0. Give t(9).
-5
Suppose -5*a + 15 = -2*m, -4*m - a + 3 = -3*m. Suppose -2*l - 53*i = -58*i + 8, m = 3*l - 2*i + 1. Let g(y) = -28*y - 1. Give g(l).
-29
Let z be (-212)/1166*(-22)/6. Let q(g) be the first derivative of g**2 - z*g**3 + 25 + g. What is q(2)?
-3
Let h(w) = w + 16. Let m be h(-13). Suppose -m*s + 10 = 2*o, 2*s - 5 + 20 = 3*o. Let b(u) = -u**2 + 4*u. What is b(o)?
-5
Suppose -5 = s - 5*k, -179*s - 4*k - 28 = -183*s. Let p(r) = -5*r + 105. What is p(s)?
55
Let g(d) = 8 - 262*d - 4 + 255*d + d**2 - 6. Let l = -9 + 16. Determine g(l).
-2
Let d be (-2)/4*56/(-28). Let v be 1*(0 + (d - 3)). Let p(a) be the third derivative of -a**5/60 + a**3/3 - 4*a**2. Determine p(v).
-2
Let d(w) = -w**3 - 5*w**2 - 5*w - 2. Let u be 8/(64/(-40)) + 9/1. Suppose -u*m - 24 + 8 = 0. Determine d(m).
2
Let k = 35 - 35. Let n be 12 - k*(-1)/4. Let o be (n/(-36))/(2/6). Let d(p) = 16*p**3 + p**2 + p + 1. What is d(o)?
-15
Let w be (-2)/10 + 40911/(-195). Let i be 34/12 + w/36 + 6. Let q(s) = 2*s - 3. Give q(i).
3
Let v(y) = 7*y + 35. Suppose 96 = 7*r + r. Let h(u) = -r - 7 + 11 - 45 - 11*u. Let p(w) = -5*h(w) - 8*v(w). Determine p(-10).
-5
Let p(v) = -v**3 - 8*v**2 - 8*v + 9. Suppose -281 